d f?
16
Let d be 29/4 + 45/60. Calculate the greatest common factor of 8 and d.
8
Suppose 5*p + 2*g - 130 = -2*g, 50 = p - 4*g. Calculate the highest common divisor of 45 and p.
15
Let l = -6 - 2. Let i be (-50)/l*(16 + -12). What is the highest common divisor of 25 and i?
25
Suppose -5*t + t + 16 = 0. Let y = -9 + t. Let j = y + 16. What is the greatest common divisor of j and 99?
11
Let z(p) = -16*p + 4. Let n be z(-3). Calculate the greatest common divisor of 13 and n.
13
Suppose -5*b - 5*r = -129 - 16, -5*b + 2*r = -138. Let m be 92/b + 10/(-35). Calculate the highest common divisor of 3 and m.
3
Let g(m) = m**2 - 6*m. Let j = 13 - 6. Let l be g(j). Calculate the greatest common divisor of l and 1.
1
Suppose 0 = -h + 2*h - 192. Suppose 0 = 2*w - 2 - 4, 0 = -4*i - 4*w + h. Calculate the greatest common factor of 30 and i.
15
Let g = -5 + 8. Let o(q) = -4*q**2 + q**3 - 4*q**3 - 6*q + 2*q**3 - g*q**2 + 5. Let m be o(-6). Calculate the highest common divisor of m and 1.
1
Suppose -51 + 6 = -5*p. Let q = -16 + 88. What is the greatest common factor of q and p?
9
Suppose -q + 79 = -1. Let f = 160 - q. Suppose -30 = d - 4*d. What is the greatest common factor of f and d?
10
Let n be ((-40)/6)/(1/(-3)). Suppose -4*s + 2*g - 4 = 0, 6*g = -4*s + 2*g - 4. Let p = 3 - s. Calculate the greatest common factor of n and p.
4
Suppose 2*p = d + 35, -2*d - 32 = -2*p - 0*p. Calculate the highest common factor of p and 133.
19
Let k(z) = z**3 - 4*z**2 - 9*z - 7. Let x be k(7). What is the greatest common factor of 11 and x?
11
Let u(z) = z**3 + 13*z**2 + 7*z - 15. Let t be u(-12). Calculate the greatest common divisor of t and 405.
45
Let s = -10 + 32. What is the greatest common factor of s and 242?
22
Let a be (-2)/3 - (-8)/3. Let r = 2 - 2. Suppose r = -2*y - d + 4*d + 43, 74 = 4*y - a*d. What is the greatest common factor of y and 17?
17
Let b(l) = -l**3 - 4*l**2 + 25*l - 19. Let q be b(-9). What is the greatest common factor of q and 46?
23
Let i = -36 - -86. Suppose -5*o = -h + 2*h - 60, h - 5*o = i. What is the greatest common divisor of h and 5?
5
Let s be (-28)/(1 - 5)*1. What is the greatest common factor of s and 28?
7
Let r(v) = v**2 - 5*v + 7. Let w be r(-7). Suppose -4*o = 5*j - w, 5*o - j = -0*j + 92. Calculate the highest common divisor of o and 19.
19
Let r be (15/9 + 1)*27. Suppose 0*a - 9 = -a. What is the greatest common factor of a and r?
9
Let y = 85 + -68. Calculate the greatest common factor of y and 136.
17
Let i = 0 + -4. Let r be (-2 + (-16)/i)*3. What is the greatest common factor of r and 54?
6
Suppose 0 = -5*r - 5*n - 55, 4*n - 11 = r + n. Let y = -5 - r. Calculate the greatest common divisor of 4 and y.
2
Suppose -13 = g - 24. What is the highest common divisor of g and 88?
11
Suppose 3 = -5*y + 13. Let f be y/7 + 2/(-7). Suppose 4*d = -f*d + 128. Calculate the highest common divisor of d and 8.
8
Let b = 31 + -22. Calculate the greatest common factor of b and 81.
9
Let r(y) = 2*y - 5. Let c be r(9). Let h = 5 + 34. Calculate the greatest common divisor of c and h.
13
Suppose -2*r + r = -24. What is the highest common divisor of r and 3?
3
Suppose 2207 = 5*k - g, 4*k + g - 1656 = 115. Calculate the highest common factor of k and 26.
26
Suppose -2*m - 2*m = -40. Let c be 24/3*2/4. Suppose c*r = -z + 43, z = r - 3*z + 2. What is the greatest common factor of m and r?
10
Suppose 0 = -6*s + 9*s + 2*f - 37, -2*s - 4*f + 30 = 0. Let b be 10/3*66/4. What is the greatest common factor of b and s?
11
Let q(x) = -x - 3. Let g be q(-7). Let o be (108/(-15))/g*-5. What is the greatest common factor of 72 and o?
9
Let m(p) = 3*p - 5. Let u be m(5). What is the highest common divisor of u and 60?
10
Let h(x) = 9 - 4*x + 1 + 5*x. Let i be h(0). Let w be 5/(2 + 15/(-9)). Calculate the greatest common factor of i and w.
5
Let j be (-2)/(-8) + 1/(-4). Suppose -4*g + 330 = g + a, j = -3*a + 15. Calculate the highest common divisor of 13 and g.
13
Let w = 310 - 210. Calculate the highest common divisor of 20 and w.
20
Let b = -402 + 610. What is the greatest common factor of b and 26?
26
Suppose 2*f - 3 = 81. What is the greatest common divisor of f and 14?
14
Suppose 3*c + m = 706, -4*m - 223 - 697 = -4*c. What is the greatest common factor of c and 26?
26
Let t = 55 + -20. What is the greatest common factor of t and 140?
35
Let c(k) = 4*k + 9. Let p be c(3). Calculate the highest common factor of 56 and p.
7
Suppose 0 = -5*f - 21 + 71. What is the highest common divisor of 10 and f?
10
Let q(i) = i**2 - 8*i - 47. Let r be q(-5). Suppose -o = 3*o - 3*f - 225, 5*o - 2*f = 276. Calculate the greatest common factor of r and o.
18
Let x(l) = 2*l**2 + 6*l + 3. Let i be x(-5). What is the greatest common factor of 230 and i?
23
Suppose 28 = 3*n - 2*n. Calculate the highest common divisor of n and 70.
14
Let v(t) = 44*t + 2. Let n(b) = 1. Let z(g) = -6*n(g) + v(g). Let u be z(3). Calculate the highest common factor of u and 16.
16
Suppose -2*k + 10 = 2*y - 4*k, 5 = 2*y - 3*k. Let l = 7 + -4. Let h be ((-110)/l)/(5/(-15)). Calculate the highest common factor of y and h.
10
Let n(y) be the first derivative of -3*y**2 + 2*y + 1. Let p be n(-4). Let h = -20 - -33. Calculate the highest common divisor of h and p.
13
Let h be (-44)/11 + (-26)/(-1). What is the highest common divisor of h and 143?
11
Let i = 9 + -4. Let h = -2 + 4. Let j = i + h. What is the greatest common factor of j and 49?
7
Let u be 12*11/14*21. Calculate the highest common divisor of u and 22.
22
Let o = -12 + 15. What is the highest common factor of o and 24?
3
Let k(x) = -2*x + 2. Let o be k(-3). Suppose -d + 92 = o. Let n(h) = -h**3 + 5*h**2 - 3*h + 3. Let v be n(3). What is the highest common divisor of v and d?
12
Let u = 33 + -18. Let o = 19 + -10. Let d = o - -1. What is the highest common factor of d and u?
5
Suppose 182*g = 178*g + 296. Calculate the highest common factor of 37 and g.
37
Suppose -2*t + 2*l + 36 = 0, -3*t + 42 = -5*l + 8*l. Calculate the highest common divisor of t and 16.
16
Let x = 246 - 134. Let f(y) = 6*y - 16. Let v be f(5). What is the highest common factor of v and x?
14
Suppose -33 + 1 = -4*j. Let y be 42/j - 7/28. Let h = 51 - 26. What is the greatest common factor of y and h?
5
Let k be 2 + 0 + -7 + 35. What is the greatest common divisor of 6 and k?
6
Let f(t) = t**3 + 4*t**2 - t - 3. Let m be f(-3). Suppose g - 113 + 14 = 0. What is the highest common divisor of g and m?
9
Let m = -93 + 173. What is the highest common divisor of m and 48?
16
Let w(l) be the third derivative of -7*l**4/24 - l**3/6 - l**2. Let y be w(-1). Let n be 8/(-36) + (-76)/(-18). What is the greatest common divisor of y and n?
2
Suppose -4*n + 84 = -n. What is the greatest common factor of n and 4?
4
Let x = 24 + -21. Let r be (0 + 2)/((-4)/(-6)). Calculate the highest common divisor of r and x.
3
Suppose r - 360 = -8*r. What is the greatest common factor of 30 and r?
10
Let p = -5 - -34. What is the highest common divisor of p and 203?
29
Let u(x) = -x**2 - 21*x + 26. Let y be u(-21). Calculate the highest common factor of y and 130.
26
Suppose -6*y = -988 - 266. Calculate the greatest common divisor of y and 11.
11
Let a = 455 + -443. Let v(k) = -k**2 - k + 12. Let p be v(0). Calculate the highest common divisor of a and p.
12
Suppose 3*t + 556 = 5*l - 0*t, -4*t = -12. Let g = -276 - -524. Let b = g - l. Calculate the highest common divisor of b and 15.
15
Let q be 28 - (1 - 1)*(2 + -3). Calculate the greatest common divisor of q and 4.
4
Suppose 1 = w - 1. Let j be w/(-7) - (-2694)/21. Suppose s = -0*s + 16. Calculate the highest common divisor of s and j.
16
Let w be 50/5*(-3)/(-6). Suppose -4*m + 355 = 5*v - 3*m, w*v + 2*m = 350. What is the greatest common factor of 9 and v?
9
Let u(h) = 10*h**2 - 17*h - 12. Let d(p) = -7*p**2 + 11*p + 8. Let j(k) = 7*d(k) + 5*u(k). Let z be j(9). What is the greatest common factor of z and 2?
1
Suppose m + 130 = l - 2*m, 565 = 5*l + 2*m. What is the highest common factor of 23 and l?
23
Let i(k) = k**2 + 5*k + 7. Let j be i(-8). Calculate the greatest common divisor of j and 31.
31
Let g be 6 + -2 + 3 + -2. Suppose 3*p - 72 = -g*q, 3*q - 4*p - 9 = 11. What is the greatest common factor of q and 18?
6
Suppose -25 = -4*z + 115. Let c = 15